 - 30. Calculate the remainder when h is divided by o(7).
10
Let m(g) = 2*g**2 + 17*g - 26. Let u = -178 - -186. What is the remainder when m(u) is divided by 15?
13
Let g = -81 + 83. Suppose -g*w = -110 + 28. What is the remainder when 54 is divided by w?
13
Let f be 25/10 - (-3)/(-6) - 198. Let i = f - -236. Calculate the remainder when 71 is divided by i.
31
Let j(f) = 10*f**2 - 36*f + 15. What is the remainder when j(10) is divided by 22?
17
Let l be 1/3*0*(-3)/(-12). Suppose l = 18*i - 1186 + 124. Calculate the remainder when i is divided by 6.
5
Let u(f) = 31*f + 151. Calculate the remainder when 1289 is divided by u(-4).
20
Let p(h) = 4*h**2 - 14*h - 63. Calculate the remainder when p(-7) is divided by 8/18*-6*-3.
7
Suppose 54039 - 12692 = 173*o. What is the remainder when 396 is divided by o?
157
Let f be 621/2*(2 + 0). Let h be f/189 + (-4)/14. Suppose h*a - 142 = -3*r - r, 3*r = -6. What is the remainder when a is divided by 26?
24
Let i(v) be the first derivative of -v + 10*v**2 - 9*v**2 + 6*v + 15 - 2*v**2. What is the remainder when i(-5) is divided by 9?
6
Suppose 0 = 7*n - 221 - 465. Let u(r) = -r**2 + 9*r + 73. Calculate the remainder when n is divided by u(13).
14
Let j = -75 - -80. Suppose -j*t + 5*u + 201 = u, 5*u - 5 = 0. What is the remainder when 115 is divided by t?
33
What is the remainder when (-8)/36 + (-6535)/(-45) is divided by ((-72)/36)/((-13)/(-14) + -1)?
5
Let h = 84 - 52. Suppose -2*w + 6*w - 68 = 5*o, -2*w + 64 = 5*o. What is the remainder when h is divided by w?
10
Let t = 657 - 539. Suppose -124*m = -t*m - 756. Suppose 0*y + 3*y = -12, -4*f + 136 = -2*y. Calculate the remainder when m is divided by f.
30
Suppose b - 3*k = -625 + 1500, 3*b + 2*k = 2592. Calculate the remainder when b is divided by 62.
60
Let g = 11884 - 4148. Calculate the remainder when g is divided by 20.
16
Let q(r) = -r**2 + 21*r - 41. Let v be q(15). Suppose 140 = v*a - 42*a. Suppose 0 = 8*w - 3*w - a. What is the remainder when 10 is divided by w?
2
Let n(p) = -7*p + 68. Let d be n(4). Let w be (24/16)/(3/20). Let r = d - w. What is the remainder when r is divided by 12?
6
Suppose -217*u + 423*u - 214*u = -992. What is the remainder when u is divided by 46?
32
Suppose -76*h = -81*h + 2*j + 420, 3*j = -5*h + 420. What is the remainder when 107 is divided by h?
23
Suppose 8*c + 4*t = -0*t + 156, 2*c - 5*t + 3 = 0. Calculate the remainder when (12/(-8))/((-6)/2932) is divided by c.
13
Suppose -41*q = -21*q - 200. What is the remainder when (-199)/(-6 - -4 - -1) is divided by q?
9
Let d(a) = -14*a**2 + 14*a + 4. Let b be d(7). What is the remainder when (36/16)/((-2339)/b + -4) is divided by 12?
6
Let m = 5 - 0. Suppose 20*y = 8*y + 3360. Suppose 4*t + 168 - y = 0. Calculate the remainder when t is divided by m.
3
Let f = 87 - 145. Let o = f - -83. What is the remainder when 49 is divided by o?
24
Calculate the remainder when 441 is divided by -5 + 162 - (-2)/2.
125
Let r = 1542 + -1538. Let f = -15 + 36. Suppose -2*b + f = -b. Calculate the remainder when b is divided by r.
1
Let o(r) = r**3 - 31*r**2 - 119*r + 854. What is the remainder when 415 is divided by o(34)?
139
Suppose 0 = k + 3*x - 736, 2*k - 5*x = 265 + 1218. Suppose 260 + k = 9*h. Calculate the remainder when h is divided by 30.
21
Let j = -411 + 460. Let w be 1 - -1 - 4/(-2). Suppose -w*t + t + 30 = 2*l, -2*t = 0. What is the remainder when j is divided by l?
4
Let a(b) = b**3 + 16*b**2 + 15*b + 1399. Calculate the remainder when a(-19) is divided by 2.
1
Suppose 4*f - s - 12 - 5 = 0, -3*f + 24 = -3*s. Suppose 5*t - 3*x = -7*x + 163, -x = f*t - 95. What is the remainder when 61 is divided by t?
30
Let g = -12 - -23. Let p be (4 - -1)/(10/530). Suppose 2*x - 32 = 3*l + 69, 5*x + 5*l = p. Calculate the remainder when x is divided by g.
8
Let d(j) = -10*j - 165. Let i be d(0). Let y = i - -191. What is the remainder when y is divided by 2/6 + 114/9?
0
Suppose -221*j + 133353 = 97*j - 410427. Calculate the remainder when j is divided by 11.
5
Suppose -5*m + 6*f = 9*f - 425, 0 = -7*f + 2*f. Let k = -12 - -23. Calculate the remainder when m is divided by k.
8
Calculate the remainder when 2*((2 + -4 - -8) + (-12293)/(-38)) is divided by 67.
56
Suppose 4*u - 4*n = 1 - 5, u - 5*n + 5 = 0. Suppose u = 12*t + 218 - 974. What is the remainder when t is divided by 3?
0
Suppose -2*r + 0*r + 138 = 0. Suppose -5*i + 40 = 2*d, 1071*i - 1066*i + 50 = d. What is the remainder when r is divided by d?
9
Suppose n + 2 = 0, -3*h + n - 6 = -h. Let u be ((-9)/(-12))/((-5)/(-480)*-2). Let b = h - u. Calculate the remainder when 62 is divided by b.
30
Suppose -8*i + 4*l = -10*i + 236, -i + 121 = l. Calculate the remainder when 129 is divided by i.
5
Suppose 137*v = 136*v - 960. Calculate the remainder when (8/(-10))/(12/v) is divided by 24.
16
Calculate the remainder when ((-15)/(-21))/((-5)/35) - -114 is divided by 9.
1
Suppose -5724 = 4*a + 20176. Suppose 71 = -0*w + 3*w - 5*c, 4*w = 3*c + 91. Calculate the remainder when (2/4)/(a/1080 + 6) is divided by w.
20
Suppose -724 = -3*c + 5*i, -31*c = -28*c - 4*i - 728. What is the remainder when 2489 is divided by c?
9
Let o(j) = 55*j**2 + 1099*j + 61. Calculate the remainder when 971 is divided by o(-20).
80
Let c(n) = -2*n**2 + 8*n**2 - 4*n**2 - n**2 + 4. Let p be c(-4). Suppose p = m + 19. Calculate the remainder when 9 is divided by m.
0
Let j be 16/7 - 4/14. Suppose -12 = -2*f + 5*z, 33 = 5*f + z - 51. What is the remainder when f is divided by (-2790)/(-651) + j/(-7)?
0
Let u = -3785 - -4117. Calculate the remainder when u is divided by 42.
38
Let c = 15 + -14. Suppose 59*t + 910 = 189*t. Calculate the remainder when t is divided by c.
0
Let p(n) = 19*n**2 - n - 38. What is the remainder when 196 is divided by p(-2)?
36
Let s(z) = z**2 - 21*z + 32. Let y(r) = 7*r - 11. Let l(o) = 3*s(o) + 8*y(o). What is the remainder when l(5) is divided by 25?
23
Suppose 5*l - b = -37 + 127, -2*l - 2*b = -36. Suppose -50 = l*q - 698. What is the remainder when q is divided by 8?
4
Let l(f) = f**3 - 3*f**2 - 15*f + 49. Let c(s) = s**2 - 3*s + 5. What is the remainder when l(5) is divided by c(3)?
4
What is the remainder when ((-7)/(-21))/(18048/3609 + -5) is divided by 14?
9
Suppose -6*s + 368 = 17*s. Let y be 2/(-8) + (-4)/(-16). What is the remainder when s is divided by y + 6 + 0 + 4?
6
Let o(q) = 3 + 4*q + 7 - 10*q. What is the remainder when 47 is divided by o(-3)?
19
Let r = 65 - 68. Let a be (-1 + (-7)/r)*(-12)/(-8). Suppose -2*d + 426 = a*d - f, 4 = -2*f. Calculate the remainder when d is divided by 36.
34
Suppose 0*j + 46*j = -47*j + 9672. Let c = 57 + -24. What is the remainder when j is divided by c?
5
Suppose -2 + 56 = 9*j. Suppose -u + 35 = j*u. Suppose 4*w - 20 = -h, -w - 4 - 10 = u*h. What is the remainder when 87 is divided by w?
3
Suppose -26*x = -23*x - 5*j - 969, 0 = -x - 14*j + 182. Calculate the remainder when 942 is divided by x.
18
Suppose -5*z = -4*h - h - 10, 0 = -z + 4*h - 4. Calculate the remainder when 29 is divided by 1*z + (34 - 27).
7
Suppose -8*h + 21 = -19. What is the remainder when (284/28 - h)/((-8)/(-476)) is divided by 44?
42
Suppose 35*m + 5*p - 23 = 34*m, 4*p + 28 = 5*m. What is the remainder when 53 is divided by m?
5
Let s(i) = 67*i - 446. Calculate the remainder when s(20) is divided by 9.
3
Let d(z) = z**2 - 7*z + 12. Let r be d(5). Suppose l = 3, r*l + 8 = 5*y + 4. What is the remainder when 11 is divided by 21/(-14)*(-4 - (-2 + y))?
5
Let x(r) = 3*r**2 - 4 - r**2 - 2. Suppose -2458*k + 90 = 7*o - 2460*k, 5*o - 4*k = 54. What is the remainder when x(-6) is divided by o?
10
Suppose 69 - 1332 = -3*v - 3*u, -3*v - u = -1269. What is the remainder when v is divided by 416?
8
Let g(n) = n**2 + 36 - 9*n - 4*n + 4*n. Let r be g(5). Let c = r + -7. Calculate the remainder when 34 is divided by c.
7
What is the remainder when (-35444)/(-42) + (-7)/(-735)*10 is divided by 4?
0
Let m = -26 - -90. Suppose m = 7*n - 559. Suppose 6*q - 2*q - 120 = 0. Calculate the remainder when n is divided by q.
29
Let b = 34636 + -30648. Calculate the remainder when b is divided by 10.
8
Let r = 835 - 535. Calculate the remainder when r is divided by 37.
4
Let f(l) = l**3 + 8*l**2 + 4*l - 19. Let t be f(-7). Let a = 96 + t. What is the remainde